 z(y) = 9*y + p - 10*y - 9. What is z(5)?
-2
Let s(j) be the first derivative of 2*j**3/3 - j**2/2 + j + 560. Suppose -17 = -3*d + 2*u, -d + 4 = -u - 3. Determine s(d).
16
Let m(r) = -227*r - 233*r + 4 + 463*r - 2*r**2. Determine m(-2).
-10
Suppose -2*p = -2*x + 14, 2*p - 80*x = -79*x - 14. Let y(j) = -j**3 - 7*j**2 + 9. Determine y(p).
9
Let v(w) = w**2 + 10*w - 6. Suppose -16 = 4*l, 0 = -3*b - 3*l - l - 52. Calculate v(b).
18
Suppose 2*g = 5 + 81. Let z(t) = t**2 - 2 + 48*t - g*t - 3 + 1. Suppose 0 = -l - 2 - 4. What is z(l)?
2
Let l(w) = -2*w**2 + 9*w + 71. Let r(k) = -k**2 + 5*k + 43. Let u(v) = -3*l(v) + 5*r(v). Determine u(3).
5
Let l be -1 + (-69)/27 + 20/(-45). Let i(f) = f**2 + f - 5. Calculate i(l).
7
Let z(c) = -c + 13. Suppose -x - l = -0*x + 17, 0 = l + 2. Let g(q) = -q**2 - 17*q - 20. Let r be g(x). What is z(r)?
3
Let d(j) = j**3 + 11*j**2 - 11*j - 1. Let r(l) = 6*l**2 - 25*l - 78. Let b be r(6). Give d(b).
-13
Let y be (2 - -1)*-2*-1. Let n(s) = 15*s - 66. Let f(g) = 3*g - 13. Let b = -3 - 1. Let d(o) = b*n(o) + 21*f(o). Determine d(y).
9
Let t(p) = -p - 6. Let i(j) = -4*j - 20. Let y(m) = -3*i(m) + 10*t(m). Determine y(3).
6
Suppose -4*y - 152 + 136 = 0. Let c(w) be the second derivative of -w**3/6 - w**2 + 4*w. Give c(y).
2
Let z(a) = -7*a - 18. Let t(v) = -25*v - 55. Let i(n) = 2*t(n) - 7*z(n). Give i(11).
5
Suppose 0 = -3*u - 4 + 1. Suppose 4*x = 44 - 0. Let g(o) = -o - o**2 + 65 - 65 + x*o**3. Determine g(u).
-11
Suppose -d = -5*d + 12. Let i be (3 + d)*30/36. Let u(l) = -l + 5. What is u(i)?
0
Let k(f) = -6*f - 31. Suppose -4*c = -0*c - i + 27, 0 = -2*c + 3*i - 1. Give k(c).
17
Suppose -3 = -3*h + 30. Suppose -h*w + 6*w = 0. Suppose -6 = -o - w. Let v(z) = -z**3 + 7*z**2 - 6*z - 6. Give v(o).
-6
Let w(r) = -9*r + 209*r**2 - 4 - 207*r**2 + 11*r. Give w(-3).
8
Let m(g) = -g**3 + 11*g**2 - g + 11. Let p be m(11). Let c(x) = x + 22. Give c(p).
22
Let p(v) = -v**3 + v**2 + 5*v - 4. Suppose 5*x - 19*n = -15*n + 15, 0 = 2*x + 3*n - 6. Determine p(x).
-7
Let k(o) = -o**2 + o - 1. Suppose p + 4*i = -3*p + 28, -p - 4*i + 22 = 0. Calculate k(p).
-3
Let t(y) = 2*y - 2. Let b(o) = 17 - 7 - 12 + o. Let c(k) = 3*b(k) - 2*t(k). What is c(6)?
-8
Let k(y) = -2*y**2 + 9*y**3 + 12 + 0*y - 13 + 2*y. Let c = 16 + -10. Let d be c/(-2) - (-6 + 2). What is k(d)?
8
Suppose -20*q = -24*q - 36. Let k(i) = -i**2 - 8*i - 12. What is k(q)?
-21
Let x(c) = 21 - 21 - 6*c + 2*c + 5*c. Let m = 0 - -2. Let n be -2*(m - (-14)/(-4)). What is x(n)?
3
Let s(x) be the first derivative of -x**2/2 + 3*x - 1. Let t(y) = y - 2. Let u(f) = f + 1. Let i be u(4). Let q(r) = i*s(r) + 8*t(r). Determine q(1).
2
Let f = 118 + -108. Let l(k) = k**2 + 29*k + f - 33*k - 7. What is l(2)?
-1
Let v(y) = y**2 + 5*y - 3. Let n be v(-6). Let q(z) = n*z - z**2 - 1 - 4*z - 2*z. Let o = 6232 - 6234. Give q(o).
1
Let f(g) = g - 1 + 0*g + 3*g**2 - 4*g**2 + 11*g**3. Let p be (-1)/(2/(10*-1)). Suppose p*r + 3 = 2*d - 0, 0 = 3*d - 12. Determine f(r).
10
Let k(l) = -l**3 - 6*l**2 - 4*l - 4. Suppose 0 = -7*s - 77 + 42. Give k(s).
-9
Let n(s) = s**3 - s**2 + s + 10. Suppose 13 = 5*r + 2*w - 2, -5*r + 20 = w. Suppose -4 = -3*j - 4*l, 2*j + 5*l = 5*j + r. Calculate n(j).
10
Let w(y) be the third derivative of 0 + 21*y**2 + 4/3*y**3 - 1/8*y**4 + 0*y. What is w(8)?
-16
Let i(w) = -w**2 - 6*w - 2. Suppose 0 = -4*f + 63 - 55. Let n = -5 - -11. Suppose -3*o + 2*o = -f*k + n, -25 = 5*o - 5*k. Calculate i(o).
6
Let f be 6/(-1) - -2 - 0. Let a be (-4)/3 + (-10)/(-3). Let q(z) = 2 + 3*z - a*z + 4 - 2. Determine q(f).
0
Let j(v) = -v**2 + 4*v + 11. Suppose 14*a = 11*a + 18. Calculate j(a).
-1
Let k(b) = b**3 - 2*b**2 - 2*b - 1. Let x = -23 - -27. Suppose g + p + 6 = -2*p, -x*g = -3*p - 21. Determine k(g).
2
Suppose -3*x = 3*h + 2*h + 27, 5*x + 5 = 5*h. Let m(z) = -z**2 + 2*z - 4. Let l(w) = w**2 - 3*w + 4. Let j(d) = 5*l(d) + 6*m(d). What is j(h)?
-4
Let g(w) be the third derivative of 3*w**4/8 - w**3/2 + 92*w**2. Calculate g(6).
51
Let u(o) = -o**3 - 8*o**2 + 10*o + 12. Let z be (-3)/((-26)/(-39)*(-2)/(-4)). Determine u(z).
3
Let f be ((-1)/2)/((-2)/(-4)). Let x(h) = -7*h**3 + h**2 - 3*h - 1. Let c(y) = -8*y**3 + y**2 - 2*y - 1. Let l(q) = 3*c(q) - 2*x(q). Determine l(f).
10
Let o be (1 + -1)/(-1) - -6. Let a(n) = 3*n - 15. Let q(x) = 1. Let r(u) = -a(u) - 6*q(u). Give r(o).
-9
Let w(j) = -j + 10. Let d(r) = -r**3 - 17*r**2 - 17*r - 13. Let u be d(-16). Suppose u*y - 4*f - 37 = 0, -f + 31 = -3*y + 8*y. What is w(y)?
3
Let c(s) = -s**2 + 9*s - 2. Let g(q) = -q**2 + 9*q - 4. Let x(h) = 6*c(h) - 5*g(h). Determine x(11).
-14
Let s(k) = k**3 + k**2 + k - 1. Let a(w) = -3*w**3 + w**2 - 5*w + 2. Let j(d) = a(d) + 4*s(d). Suppose -n - 15 = 2*n - 5*b, -n = -3*b + 5. Determine j(n).
3
Let x(c) be the third derivative of c**5/60 + c**4/24 - 5*c**3/3 + 2*c**2. Let g(a) = 16*a - 176. Let j be g(11). Give x(j).
-10
Let c(n) = 5*n**2 + 4*n + 1. Let t be c(-3). Let z = t + -32. Let m(k) = -4*k**2 - 1. Calculate m(z).
-17
Suppose 9*x + 0*x - 18 = 0. Let d(g) = -8*g**3 + 0*g + 7*g**3 - g**x + 1 + g. What is d(-1)?
0
Let t = -12 - -15. Let q(p) = 17*p - 2. Let b(n) be the third derivative of -3*n**4/8 + n**3/6 + n**2. Let o(u) = t*q(u) + 5*b(u). Calculate o(2).
11
Let x(j) be the first derivative of -j**4/4 - 8*j**3/3 + 5*j**2 + 3*j + 486. Calculate x(-9).
-6
Suppose h - 252 = -5*h. Suppose 0 = 4*v + 2*v - h. Let t(w) = -w + 10. Give t(v).
3
Let f(h) = -7*h**2 - 72*h - 25. Let s be f(-10). Let u(q) = -2*q + 7. What is u(s)?
17
Let c(o) = 2*o**2 - 12*o + 0*o**2 - o**2 + 19 - 15. What is c(8)?
-28
Let w(c) = c**2 + 6*c - 6. Let r be w(-6). Let t = r + 11. Let v(q) be the second derivative of q**3/3 + 3*q**2/2 + 2*q. Give v(t).
13
Let f(c) = -5*c + 1. Suppose -3*n + 2 = -4*z, z + 3*n - 8 = -z. Calculate f(z).
-4
Let t(k) = 18*k**2 + 12 - 1 - 8*k**2 - 9*k**2 - 9*k. Give t(6).
-7
Let b(f) = -f**3 - 3*f**2 + 1. Let v = -40 + 45. Suppose -n + v*n = -44. Let m = n + 8. Calculate b(m).
1
Let t(h) = -2*h**2 - 8*h + 2. Let l be t(-5). Let s(n) = n**2 + 6*n - 9. Determine s(l).
7
Let p(n) = 15*n - 372. Let l(o) = -7*o + 172. Let v(a) = 13*l(a) + 6*p(a). Suppose w - 5*y - 30 = 0, 2 = 3*w + 2*y - 3. Calculate v(w).
-1
Let g(n) be the third derivative of n**5/60 - 7*n**3/6 - 153*n**2. Calculate g(3).
2
Let q(n) be the first derivative of n**3/3 - 5*n**2/2 + 6*n - 64. Let r = -14 + 19. Determine q(r).
6
Let p(j) be the first derivative of j**3/3 - 9*j**2/2 + 4*j + 244. What is p(8)?
-4
Suppose -5*a + 3*h + 11 = 2*h, 5*a - 31 = -4*h. Let s = -31 + 66. Let t(y) = -s + 17 - 3*y + 20. Determine t(a).
-7
Let j(m) = -2*m**3 - 4*m**2 + 2*m + 3. Let l be j(-3). Let z = l - 17. Let r(b) = 2*b. Give r(z).
-4
Let o(x) = 15*x + 1. Let b = -208 + 207. Calculate o(b).
-14
Let k(w) = w**2 - 10*w + 3. Let f be 2/(-8) - (-9)/36. Let o be 6 - (f/(-2) + -1). Determine k(o).
-18
Let u(i) = -i**3 - 9*i**2 - 10*i - 7. Suppose 38*w + 28 = 34*w. What is u(w)?
-35
Let b(i) = i + 3*i**2 - 12*i**2 - 3 + 29*i**3 + 1 - 28*i**3. Calculate b(9).
7
Let w(o) be the second derivative of -o**3/3 + 8*o**2 - 3*o - 1. Give w(12).
-8
Let m(l) be the third derivative of l**5/15 - 2*l**4/3 + 3*l**3/2 + 5*l**2. Let q be m(4). Let j(h) = -h**3 + 10*h**2 - 10*h + 9. Give j(q).
0
Let g(m) = -1 + 29*m - 1 + 25*m - 83*m + 26*m. Calculate g(-3).
7
Let d(q) = -q - 7. Let v(b) be the first derivative of 6*b + 1/2*b**2 - 5. Let i be v(-12). Calculate d(i).
-1
Let b(s) = -1 - 2 + 0*s - 5*s - s**2. Suppose 0 = -w - 3*g - 18, -2*w + 2*g = g + 8. Calculate b(w).
-9
Let i be (-8)/14 + 348/560. Let b(g) be the second derivative of 7*g - 5/12*g**4 + 7/6*g**3 - i*g**5 + 0 + 0*g**2. Calculate b(-6).
-6
Let l(k) = k**2 + k - 116. Let n be l(-11). Let y(t) = 6*t**2 + 0*t**2 + t**3 + 6 - 3. Give y(n).
3
Suppose 2*q + 20 - 24 = 0. Let n(r) = -4*r**2 + 7*r**2 - r**q + 8 - 11*r. What is n(7)?
29
Suppose 2*s - 8 = -2. Let f(h) = 6*h**2 + h**3 + 6 - 1 + 3 + s*h. Suppose -3*r + m - 19 = 0, -5*m + 68 - 63 = 0. Determine f(r).
-10
Let d(a) be the second derivative of 4*a**3/3 - 4*a. Suppose -5*h + 6*h + 4 = -3*m, -3*h = -4*m - 1. Give d(m).
-8
Let l(g) = 12*g + 2. Let f(j) = 37*j + 7. Let a(s) = -4*f(s) + 14*l(s). Give a(-1).
-20
Let k be 6*2*3/9. Let v(d) = -8*d - 5 + 6*d**2 - 2*d**2 + 6*d + 5*d - d**3